t is the greatest common factor of 628 and 8962188?
628
What is the greatest common divisor of 6989 and 29?
29
What is the highest common divisor of 95172 and 5880?
84
What is the highest common factor of 563146 and 586?
586
Calculate the greatest common factor of 1447012 and 168.
28
What is the greatest common factor of 93640 and 120?
40
Calculate the greatest common divisor of 2320 and 1465.
5
What is the greatest common factor of 4 and 91852?
4
What is the highest common divisor of 18 and 1257381?
9
Calculate the highest common divisor of 230 and 58510.
10
Calculate the greatest common divisor of 176385 and 3.
3
What is the greatest common factor of 1725 and 2325?
75
Calculate the highest common divisor of 696070 and 940.
470
What is the highest common divisor of 380 and 8284?
76
Calculate the greatest common divisor of 408 and 237252.
204
Calculate the highest common factor of 1026575 and 275.
275
Calculate the highest common divisor of 199188 and 3960.
396
Calculate the highest common factor of 10260316 and 484.
484
Calculate the highest common divisor of 124104 and 72.
24
What is the highest common divisor of 1744903 and 133?
19
What is the greatest common divisor of 74 and 86802?
74
What is the greatest common factor of 192 and 128688?
48
Calculate the highest common factor of 341185 and 8671.
377
What is the highest common divisor of 240 and 323895?
15
Calculate the highest common factor of 28 and 21042.
14
What is the highest common factor of 1403 and 17733?
23
What is the greatest common factor of 165 and 129555?
15
What is the highest common divisor of 148 and 1765196?
148
What is the highest common factor of 16 and 746776?
8
What is the highest common factor of 15375 and 8295?
15
Calculate the greatest common divisor of 232 and 27869.
29
Calculate the highest common divisor of 122435 and 19505.
235
Calculate the highest common divisor of 246531 and 9.
3
Calculate the highest common divisor of 248 and 5921.
31
What is the greatest common factor of 210812 and 14?
14
Calculate the greatest common factor of 62875 and 875.
125
What is the highest common factor of 786898 and 448?
14
What is the highest common factor of 248 and 3960002?
62
What is the highest common divisor of 26176 and 256?
64
Calculate the highest common factor of 1045 and 86889.
11
What is the greatest common divisor of 14960 and 93720?
440
Calculate the greatest common factor of 702 and 1917.
27
What is the highest common divisor of 11360 and 13600?
160
Calculate the highest common divisor of 50842 and 66.
22
What is the greatest common factor of 1611 and 1899?
9
Calculate the greatest common factor of 19720 and 114410.
170
Calculate the greatest common factor of 18270 and 308.
14
Calculate the greatest common divisor of 192860 and 500.
20
Calculate the greatest common divisor of 424 and 980.
4
Calculate the greatest common factor of 18 and 206136.
18
What is the greatest common factor of 4727 and 87?
29
Calculate the greatest common factor of 58 and 1548832.
58
What is the greatest common factor of 27 and 522603?
9
What is the highest common divisor of 27 and 9424053?
27
Calculate the highest common factor of 61314 and 528.
66
What is the greatest common divisor of 46026 and 3?
3
What is the highest common divisor of 383810 and 140?
70
Calculate the greatest common divisor of 1104 and 33603.
69
What is the highest common divisor of 4032760 and 1640?
1640
Calculate the highest common factor of 404 and 791032.
404
What is the highest common factor of 47436 and 670?
134
Calculate the greatest common factor of 8272 and 1400036.
2068
Calculate the greatest common factor of 72490 and 220.
110
Calculate the greatest common factor of 224 and 4968.
8
What is the highest common factor of 3093187 and 698?
349
What is the highest common divisor of 5963150 and 95?
95
What is the highest common divisor of 626 and 9097658?
626
What is the highest common factor of 441 and 5089?
7
Calculate the greatest common factor of 151411 and 39.
13
Calculate the highest common factor of 137624 and 16.
8
What is the highest common divisor of 665 and 433314?
133
Calculate the greatest common factor of 2046 and 16896.
66
What is the greatest common factor of 73251 and 216?
27
Calculate the highest common factor of 87585 and 425.
5
What is the highest common divisor of 397 and 24496488?
397
Calculate the highest common divisor of 315724 and 544.
68
Calculate the highest common factor of 48 and 9404.
4
Calculate the greatest common factor of 608 and 31456.
32
What is the highest common divisor of 845 and 319475?
65
What is the highest common factor of 82 and 6315312?
82
What is the highest common factor of 30 and 710?
10
What is the highest common factor of 36204 and 1484?
28
Calculate the greatest common divisor of 3430 and 3730.
10
What is the greatest common factor of 158070 and 570?
30
What is the highest common divisor of 46615 and 265?
5
What is the greatest common divisor of 36332 and 5828?
124
What is the highest common factor of 100 and 16?
4
Calculate the highest common divisor of 6772 and 8.
4
What is the highest common divisor of 1521 and 576?
9
Calculate the greatest common divisor of 462544 and 32.
16
What is the greatest common factor of 4 and 741589?
1
What is the greatest common factor of 1501 and 513?
19
Calculate the greatest common factor of 38332 and 1372.
28
What is the highest common factor of 612 and 8092?
68
What is the highest common factor of 132522 and 702?
78
What is the highest common factor of 19293 and 3363?
177
What is the greatest common factor of 831804 and 84?
12
Calculate the greatest common factor of 5327 and 98169.
761
Calculate the highest common divisor of 4524 and 369837.
1131
Calculate the greatest common factor of 40 and 40024.
8
Calculate the highest common factor of 21284 and 476.
68
Calculate the greatest common factor of 141866 and 1246.
178
Calculate the greatest common factor of 808 and 227048.
808
Calculate the greatest common factor of 15715 and 385.
35
Calculate the greatest common factor of 20315 and 2210.
85
Calculate the highest common factor of 6944 and 4396.
28
Calculate the highest common factor of 120 and 98475.
15
What is the highest common factor of 4600 and 15272?
184
Calculate the greatest common factor of 917 and 441339.
131
What is the highest common factor of 275701 and 69?
23
What is the greatest common factor of 1643 and 210893?
31
What is the greatest common factor of 3099 and 153917?
1033
What is the highest common divisor of 152944 and 1408?
176
Calculate the greatest common factor of 154 and 7042.
14
What is the greatest common factor of 341 and 5735?
31
What is the highest common factor of 3987 and 46944?
9
What is the greatest common divisor of 49070 and 12145?
35
Calculate the greatest common divisor of 27778 and 86.
86
Calculate the greatest common divisor of 1800 and 568200.
600
What is the highest common divisor of 79 and 18881?
79
What is the highest common divisor of 54778 and 122?
122
What is the greatest common factor of 429 and 17424?
33
What is the greatest common divisor of 2368 and 14264?
8
Calculate the highest common divisor of 460 and 267740.
20
Calculate the greatest common factor of 155 and 124.
31
Calculate the highest common factor of 18124768 and 1856.
928
What is the highest common factor of 34 and 309910?
34
What is the greatest common divisor of 4904 and 344?
8
Calculate the greatest common divisor of 2013 and 427.
61
What is the greatest common divisor of 1602 and 9434?
178
What is the highest common divisor of 1230 and 5286130?
410
What is the highest common divisor of 112 and 147448?
56
Calculate the highest common divisor of 23 and 209139.
23
Calculate the greatest common divisor of 285 and 11786745.
285
Calculate the greatest common divisor of 20370 and 798.
42
Calculate the greatest common factor of 931 and 66150.
49
Calculate the highest common factor of 45775 and 525.
25
Calculate the highest common factor of 1030 and 3750.
10
What is the greatest common factor of 5379 and 2608?
163
What is the greatest common factor of 28469 and 13944?
581
What is the highest common divisor of 2900097 and 999?
999
Calculate the highest common factor of 31 and 95232.
31
What is the greatest common factor of